y + t. Is h a composite number?
False
Suppose 8 = 2*c - 0*c. Suppose -c*r = -2*r - 180. Let b = r - 21. Is b composite?
True
Suppose -5*a = -5, -c + 3*a + 79 = -739. Is c composite?
False
Let s(n) = -n**3 - 8*n**2 + 8*n - 12. Let g be s(-9). Let j be -3*(2 + (-17)/g). Let r = -16 - j. Is r a composite number?
False
Let w = -3 + 8. Let k = w - -53. Is k a prime number?
False
Let z(s) = s**3 + 13*s**2 + 13*s + 4. Is z(-9) composite?
False
Is (-62)/(-6)*(17 - 2) composite?
True
Suppose 0 = b - 2. Suppose -79 = -g - 4*h, -b*g + 5*h = -206 - 4. Is g composite?
True
Let n(w) = 4*w**2 - w - 2. Let b be n(3). Let j = b + 2. Is j a composite number?
True
Suppose 3*h = 752 + 577. Is h composite?
False
Suppose -4*c + 1 = -3, -3*y + c = -8. Let i(x) = 26*x**2 + 4*x + 1. Is i(y) prime?
False
Let a = 246 - -119. Is a composite?
True
Let o = -28 - -12. Let c = o + 60. Let x = 69 - c. Is x a prime number?
False
Is (-13)/(6/9 + -1) a prime number?
False
Let p(o) = 73*o - 4. Let y(z) = -24*z + 1. Let i(w) = -4*p(w) - 11*y(w). Suppose 5*j + 16 + 29 = 0. Is i(j) composite?
False
Let u = -5 - -5. Let c be u/4 + 0 + -1. Is (105 - c)*2/4 a composite number?
False
Let w(r) = 15*r**2 + 7. Is w(-3) a composite number?
True
Suppose 7*x - 8*x + 211 = 0. Is x composite?
False
Suppose 6*d + 2*a - 163 = d, 2*d - 4*a - 70 = 0. Is d prime?
False
Let o(t) = 26*t**2 - 6*t + 2. Is o(4) composite?
True
Let g(i) = 162*i**2 + i. Suppose 2*o = 4*r - 6, -3*r + 2 = -5*o - 6. Is g(r) prime?
True
Let b(g) = g**3 + g**2 - 4*g. Let z be b(-3). Let j be 16/10 + z/(-15). Suppose -j*q - 3*q = -75. Is q composite?
True
Let f = -1544 + 2653. Is f a prime number?
True
Let h(c) = c**2 - 8*c - 8. Let l be h(9). Let x be -3*l - -3*2. Suppose -s + 5*o = -183, -605 = -x*s + o - 0*o. Is s a composite number?
True
Let v(t) = -t**2 + t + 4. Let l be v(0). Let w(p) be the second derivative of 4*p**3/3 + 3*p**2/2 + p. Is w(l) composite?
True
Is (1/1 - 4) + (2416 - 2) a composite number?
False
Let x(k) = 8*k**3 - k**2 - 4*k + 3. Suppose -t = -4*m + 2*t + 14, 3*m = -2*t + 2. Is x(m) a composite number?
True
Suppose 0*d = -d + 3. Suppose -3*t = -d*n + 51, -2 = -0*n + n. Let j = t - -29. Is j prime?
False
Let v be 12/((-4)/((-16)/3)). Suppose -3*p + 3*o = 3, o - v = -4*p - 0*o. Suppose 239 = 3*a + 2*l, a + 3*a = p*l + 347. Is a a prime number?
True
Let a(q) = 1 + 52*q - 7 + 0*q. Let b be a(4). Is (1 - b)*(-2)/6 a prime number?
True
Suppose 0 = x + 2*w + 12, -2*w = 2*x - 4*w. Let r = x + 6. Is r composite?
False
Let s = 11306 - 6503. Is s a prime number?
False
Is (-5072)/(-40) - 2/(-10) a prime number?
True
Suppose 5*g + 61 = -4*d, 2*g - d + 29 = 2*d. Let b = 1 - 2. Is (0 + b)*1*g a composite number?
False
Let k = 6 + -6. Suppose k = r + 2 - 87. Is r prime?
False
Let d = 54 + -3. Is d a composite number?
True
Let z = -1112 + 1786. Is z a composite number?
True
Let k be -10*5/((-25)/4). Let q = k + -6. Suppose 3*p - v - 671 = -198, -5*v + 338 = q*p. Is p a prime number?
False
Suppose w = -4*u - 3, 3*u + 18 = -3*w + 4*w. Let f be ((-30)/w)/(4/(-6)). Suppose -41 = -f*a - 11. Is a a composite number?
True
Let f(l) = -l + 13. Let d be f(9). Suppose d*j + 0*j = 8. Is (-1)/((-2)/13)*j a prime number?
True
Suppose 8*g - 9*g + 2 = 0. Let f(x) = 1 + 0 - 4 + 46*x. Is f(g) composite?
False
Let r(v) = 24*v - 17. Is r(14) prime?
False
Let r(l) = -l**3 + 12*l**2 - 11*l - 1. Let y be r(11). Let h be (y/2)/(1/(-108)). Suppose a = p + h, -2*a + 3*a = 3*p + 60. Is a composite?
True
Let p(y) = -76*y - 7. Is p(-9) prime?
True
Suppose -3*r - 3*u + 3540 = 0, 0 = 3*r + 4*u - 2268 - 1275. Is r prime?
False
Suppose 0*o = 3*o - 3*n - 759, 5*o + n - 1253 = 0. Is o composite?
False
Let f(h) = -19*h - 1. Let p be (-9)/6*4/(-3). Let l = p + -4. Is f(l) composite?
False
Let m(r) = 19*r**2 - 8*r - 3. Is m(6) a composite number?
True
Is -2*((-19362)/12 + 3) a prime number?
True
Let b(y) = 2*y - 11. Let m be b(8). Suppose 5 = t + 4*s, 3*s = m*t - 2*s - 25. Suppose -t*z + 114 = -2*z. Is z prime?
False
Let a = 5 - 4. Let o be (1 + 0)*(a + 1). Suppose o*v + 19 = 3*v. Is v a prime number?
True
Let i be 3/7 + (-96)/(-21). Suppose -q - 47 = -3*q - i*p, -q + 23 = 2*p. Is q a prime number?
False
Let k be 6*1*(-2)/(-6). Suppose -k*l - 5 = -11. Suppose -2 + 8 = 3*y, l*v - 5*y = 149. Is v a composite number?
False
Let p(t) = 25*t**2 - 21*t + 5. Is p(-11) a composite number?
True
Let a be (0/3)/(0 - 2). Suppose 5*i - 6 - 34 = a. Suppose -3*v = 2*o - 200, -4*v + 8 = -i. Is o composite?
True
Let u = 161 - 90. Let z = -58 - u. Let f = 182 + z. Is f a prime number?
True
Suppose -2*x + 3*y + 6259 = 2*x, -4*x + 6253 = -5*y. Is x prime?
True
Suppose 0 = c + 3*c. Let q(l) be the second derivative of -l**4/12 + l**3/6 + 15*l**2/2 + 5*l. Is q(c) a prime number?
False
Let x be ((-5)/10)/((-2)/12). Suppose -2*a + 32 + 52 = 0. Suppose 0 = 2*f - n - 36, -x*n + a + 59 = 5*f. Is f a composite number?
False
Let b be ((-1)/(-3))/(1/2991). Suppose -1890 + 549 = -4*j - 5*x, -3*j - 2*x = -b. Let v = j - 118. Is v composite?
False
Let x(o) be the first derivative of 77*o**3/3 + o**2/2 + o + 1. Is x(-1) composite?
True
Let w be 4 + -1*(-1 + -2). Let b = 30 - w. Is b composite?
False
Suppose -21351 = -5*d - s, d - 2*s - 495 = 3784. Is d prime?
True
Let i = 1368 + 109. Is i a composite number?
True
Let d(m) = -m**3 + 10*m**2 - 3*m + 5. Is d(9) a prime number?
True
Let a = 256 - -163. Is a a composite number?
False
Let y = 130 - 189. Let k = 190 + y. Is k a composite number?
False
Suppose 0 = 2*u - 0*u. Suppose u = 3*h - h - 24. Is (h/18)/((-4)/(-66)) prime?
True
Let d(x) be the first derivative of -x**4/4 - 2*x**3 - x**2/2 - 6*x + 1. Let h be d(-6). Suppose 3*a - 149 = -h*b + 2*b, -a - b = -53. Is a composite?
True
Let n be ((-4)/(-8))/((-2)/4). Let p(c) = c + 1. Let s be p(n). Is (-2)/(-4)*(s + 74) a prime number?
True
Suppose 0*p - p = 0. Suppose -4*q - 13 + 149 = p. Let s = 79 + q. Is s prime?
True
Let v = -112 + 275. Is v a prime number?
True
Let f(l) = -l + 2. Suppose 6 = -2*v - 2*j, 6*j - 4*j - 15 = v. Let b be f(v). Suppose 4 = y, -2*y + 3 = 2*p - b. Is p composite?
False
Let t be 376/32 + (-2)/(-8). Is (-1)/2 - (-3114)/t prime?
False
Let j(x) = 92*x - 1. Is j(6) a composite number?
True
Let a be 16/24*(-18)/4. Is a + 3 + (-236)/(-2) composite?
True
Let i(r) = -4*r**3 - 2*r**2 + 4*r - 9. Let l be i(6). Is (1/(-3))/(1/l) a composite number?
False
Let n(q) = 2*q**2 + 16*q + 17. Is n(-12) a composite number?
False
Suppose 0 = -4*i - 2*h + 4172, -2*h = -3*i + 3*h + 3129. Is i a composite number?
True
Is 85/4 + (-3)/12 a composite number?
True
Let o = -19 - -50. Suppose o = s - 6. Is s composite?
False
Suppose -4*b = -11 - 13. Let c be (-500)/14 + b/(-21). Let x = -13 - c. Is x a composite number?
False
Suppose 2*l = 3*s - 2*s - 491, s - l = 486. Suppose 4*g = -s + 1757. Is g a composite number?
True
Is (2 - 36/15)*-5 - -671 a prime number?
True
Suppose 5*i - 370 - 913 = 3*m, -5*i + 1275 = -5*m. Is i prime?
False
Let i(g) = 3*g**3 - g**2 - 5*g**2 + 3 - 11*g - 2*g**3. Suppose 2*v = -3*f + 26, 5*v - 22 = -2*f - 1. Is i(f) a composite number?
False
Let l be (1 + -1)/(-2 + 3). Suppose -53 = -5*f + 3*q, -q = 5*f - 79 + 10. Suppose l = 2*z - f - 7. Is z a prime number?
False
Suppose 0 = -0*h + 4*h - 8. Suppose -2861 = -5*p + h*w, 1075 = 5*p + 4*w - 1798. Is p prime?
False
Suppose -4*f + 6 - 2 = 0. Is f/2 + (-245)/(-2) a prime number?
False
Suppose -2*x - 3*x = -75. Suppose -4*r + 1 = -x. Suppose 3*t + r = 259. Is t prime?
False
Let o = 165 - -688. Is o a composite number?
False
Let u = -6 + 8. Let y be 80 + 2*(u + -3). Suppose b + 2*b - y = 0. Is b prime?
False
Suppose 0*f + f - 4*m = 55, -5*f + 2*m = -329. Suppose 0 = 2*p - 3*z - 143, -p = -4*z - 17 - f. Suppose c + 3*c = 4*q - p, c = 3*q - 54. Is q composite?
False
Let k = -5 - -2. Let y be -156 + 2/k*3. Is (-1 - (-3)/6)*y a prime number?
True
Let b be 4*6*2/2. Let z(i) = 3*i + 1. Let t be z(-6). Let r = t + b. Is r prime?
True
Let m(h) = -8*h**3 + 2*h**2 + 2*h - 3. Is m(-4) prime?
False
Suppose -81 + 541 = 4*w. Suppose 135 + 10 = 4*a - 3*b, 4*b = -3*a + w. Is a a prime number?
True
Let q(o) = -2*o**3 + 2*o**2 - o + 4. Suppose 2*l + 5*f = f - 6, 3*l + 5*f = -9. Is q(l) a composite number?
False
Let g be (-1)/(-4) - (-206)/8. I